{"id":4577,"date":"2024-05-24T11:00:28","date_gmt":"2024-05-24T14:00:28","guid":{"rendered":"https:\/\/parceiros.studiom3.com.br\/dauriti\/?page_id=4577"},"modified":"2024-05-24T11:14:32","modified_gmt":"2024-05-24T14:14:32","slug":"requisicao-de-titulares","status":"publish","type":"page","link":"https:\/\/parceiros.studiom3.com.br\/dauriti\/requisicao-de-titulares\/","title":{"rendered":"Requisi\u00e7\u00e3o de Titulares"},"content":{"rendered":"\t\t<div data-elementor-type=\"wp-page\" data-elementor-id=\"4577\" class=\"elementor elementor-4577\" data-elementor-post-type=\"page\">\n\t\t\t\t\t\t\t<div class=\"elementor-element elementor-element-ab99ca1 e-flex e-con-boxed e-con e-parent\" data-id=\"ab99ca1\" data-element_type=\"container\" data-settings=\"{&quot;background_background&quot;:&quot;classic&quot;,&quot;content_width&quot;:&quot;boxed&quot;}\" data-core-v316-plus=\"true\">\n\t\t\t\t\t<div class=\"e-con-inner\">\n\t\t\t\t<div class=\"elementor-element elementor-element-6bb1f64 elementor-widget elementor-widget-heading\" data-id=\"6bb1f64\" data-element_type=\"widget\" data-widget_type=\"heading.default\">\n\t\t\t\t<div class=\"elementor-widget-container\">\n\t\t\t<style>\/*! elementor - v3.16.0 - 20-09-2023 *\/\n.elementor-heading-title{padding:0;margin:0;line-height:1}.elementor-widget-heading .elementor-heading-title[class*=elementor-size-]>a{color:inherit;font-size:inherit;line-height:inherit}.elementor-widget-heading .elementor-heading-title.elementor-size-small{font-size:15px}.elementor-widget-heading .elementor-heading-title.elementor-size-medium{font-size:19px}.elementor-widget-heading .elementor-heading-title.elementor-size-large{font-size:29px}.elementor-widget-heading .elementor-heading-title.elementor-size-xl{font-size:39px}.elementor-widget-heading .elementor-heading-title.elementor-size-xxl{font-size:59px}<\/style><h1 class=\"elementor-heading-title elementor-size-default\">Requisi\u00e7\u00e3o de Titulares<\/h1>\t\t<\/div>\n\t\t\t\t<\/div>\n\t\t\t\t\t<\/div>\n\t\t\t\t<\/div>\n\t\t<div class=\"elementor-element elementor-element-9f72669 e-flex e-con-boxed e-con e-parent\" data-id=\"9f72669\" data-element_type=\"container\" data-settings=\"{&quot;content_width&quot;:&quot;boxed&quot;}\" data-core-v316-plus=\"true\">\n\t\t\t\t\t<div class=\"e-con-inner\">\n\t\t\t\t<div class=\"elementor-element elementor-element-09a16eb elementor-widget__width-initial elementor-widget elementor-widget-shortcode\" data-id=\"09a16eb\" data-element_type=\"widget\" data-widget_type=\"shortcode.default\">\n\t\t\t\t<div class=\"elementor-widget-container\">\n\t\t\t\t\t<div class=\"elementor-shortcode\"><div id=\"quform-c01155\" class=\"quform quform-3 quform-theme-minimal quform-support-page-caching\"><form id=\"quform-form-c01155\" class=\"quform-form quform-form-3\" action=\"\/dauriti\/wp-json\/wp\/v2\/pages\/4577#quform-c01155\" method=\"post\" enctype=\"multipart\/form-data\" novalidate=\"novalidate\" data-options=\"{&quot;id&quot;:3,&quot;uniqueId&quot;:&quot;c01155&quot;,&quot;theme&quot;:&quot;minimal&quot;,&quot;ajax&quot;:true,&quot;logic&quot;:{&quot;logic&quot;:{&quot;16&quot;:{&quot;action&quot;:true,&quot;match&quot;:&quot;all&quot;,&quot;rules&quot;:[{&quot;elementId&quot;:&quot;15&quot;,&quot;operator&quot;:&quot;eq&quot;,&quot;optionId&quot;:&quot;8&quot;,&quot;value&quot;:&quot;Outro (op\\u00e7\\u00e3o para descrever)&quot;}]}},&quot;dependents&quot;:{&quot;15&quot;:[16]},&quot;elementIds&quot;:[16],&quot;dependentElementIds&quot;:[&quot;15&quot;],&quot;animate&quot;:true},&quot;currentPageId&quot;:1,&quot;errorsIcon&quot;:&quot;&quot;,&quot;updateFancybox&quot;:true,&quot;hasPages&quot;:false,&quot;pages&quot;:[1],&quot;pageProgressType&quot;:&quot;numbers&quot;,&quot;tooltipsEnabled&quot;:true,&quot;tooltipClasses&quot;:&quot;qtip-quform-dark qtip-shadow&quot;,&quot;tooltipMy&quot;:&quot;left center&quot;,&quot;tooltipAt&quot;:&quot;right center&quot;,&quot;isRtl&quot;:false,&quot;scrollOffset&quot;:-50,&quot;scrollSpeed&quot;:800}\"><button class=\"quform-default-submit\" name=\"quform_submit\" type=\"submit\" value=\"submit\" aria-hidden=\"true\" tabindex=\"-1\"><\/button><div class=\"quform-form-inner quform-form-inner-3\"><input type=\"hidden\" name=\"quform_form_id\" value=\"3\" \/><input type=\"hidden\" name=\"quform_form_uid\" value=\"c01155\" \/><input type=\"hidden\" name=\"quform_count\" value=\"1\" \/><input type=\"hidden\" name=\"form_url\" value=\"https:\/\/parceiros.studiom3.com.br\/dauriti\/wp-json\/wp\/v2\/pages\/4577\" \/><input type=\"hidden\" name=\"referring_url\" value=\"\" \/><input type=\"hidden\" name=\"post_id\" value=\"\" \/><input type=\"hidden\" name=\"post_title\" value=\"\" \/><input type=\"hidden\" name=\"quform_current_page_id\" value=\"1\" \/><input type=\"hidden\" name=\"quform_csrf_token\" value=\"Cx0gjbM6VdQ2vt49UMqe1NACZA8xkSC4ukcCbycr\" \/><div class=\"quform-elements quform-elements-3 quform-cf quform-responsive-elements-phone-landscape\"><div class=\"quform-element quform-element-page quform-page-1 quform-page-3_1 quform-cf quform-group-style-plain quform-first-page quform-last-page quform-current-page\"><div class=\"quform-child-elements\"><div class=\"quform-element quform-element-text quform-element-3_4 quform-cf quform-labels-inside quform-element-required\"><div class=\"quform-spacer\"><div class=\"quform-label quform-label-3_4\"><label class=\"quform-label-text\" for=\"quform_3_4_c01155\">Nome<span class=\"quform-required\">*<\/span><\/label><\/div><div class=\"quform-inner quform-inner-text quform-inner-3_4\"><div class=\"quform-input quform-input-text quform-input-3_4 quform-cf\"><input type=\"text\" id=\"quform_3_4_c01155\" name=\"quform_3_4\" class=\"quform-field quform-field-text quform-field-3_4\" \/><\/div><\/div><\/div><\/div><div class=\"quform-element quform-element-text quform-element-3_5 quform-cf quform-labels-inside quform-element-required\"><div class=\"quform-spacer\"><div class=\"quform-label quform-label-3_5\"><label class=\"quform-label-text\" for=\"quform_3_5_c01155\">Empresa<span class=\"quform-required\">*<\/span><\/label><\/div><div class=\"quform-inner quform-inner-text quform-inner-3_5\"><div class=\"quform-input quform-input-text quform-input-3_5 quform-cf\"><input type=\"text\" id=\"quform_3_5_c01155\" name=\"quform_3_5\" class=\"quform-field quform-field-text quform-field-3_5\" \/><\/div><\/div><\/div><\/div><div class=\"quform-element quform-element-text quform-element-3_6 quform-cf quform-labels-inside quform-element-required\"><div class=\"quform-spacer\"><div class=\"quform-label quform-label-3_6\"><label class=\"quform-label-text\" for=\"quform_3_6_c01155\">Telefone<span class=\"quform-required\">*<\/span><\/label><\/div><div class=\"quform-inner quform-inner-text quform-inner-3_6\"><div class=\"quform-input quform-input-text quform-input-3_6 quform-cf\"><input type=\"text\" id=\"quform_3_6_c01155\" name=\"quform_3_6\" class=\"quform-field quform-field-text quform-field-3_6\" \/><\/div><\/div><\/div><\/div><div class=\"quform-element quform-element-email quform-element-3_7 quform-cf quform-labels-inside quform-element-required\"><div class=\"quform-spacer\"><div class=\"quform-label quform-label-3_7\"><label class=\"quform-label-text\" for=\"quform_3_7_c01155\">E-mail<span class=\"quform-required\">*<\/span><\/label><\/div><div class=\"quform-inner quform-inner-email quform-inner-3_7\"><div class=\"quform-input quform-input-email quform-input-3_7 quform-cf\"><input type=\"email\" id=\"quform_3_7_c01155\" name=\"quform_3_7\" class=\"quform-field quform-field-email quform-field-3_7\" \/><\/div><\/div><\/div><\/div><div class=\"quform-element quform-element-select quform-element-3_14 quform-cf quform-element-required\"><div class=\"quform-spacer\"><div class=\"quform-label quform-label-3_14\"><label class=\"quform-label-text\" for=\"quform_3_14_c01155\">Tipo de solicita\u00e7\u00e3o<span class=\"quform-required\">*<\/span><\/label><\/div><div class=\"quform-inner quform-inner-select quform-inner-3_14\"><div class=\"quform-input quform-input-select quform-input-3_14 quform-cf\"><select id=\"quform_3_14_c01155\" name=\"quform_3_14\" class=\"quform-field quform-field-select quform-field-3_14\"><option value=\"\" selected=\"selected\">Selecione<\/option><option value=\"Quero acessar meus dados\">Quero acessar meus dados<\/option><option value=\"Quero corrigir ou atualizar meus dados\">Quero corrigir ou atualizar meus dados<\/option><option value=\"Quero solicitar a anonima\u00e7\u00e3o, o bloqueio ou elimina\u00e7\u00e3o de dados\">Quero solicitar a anonima\u00e7\u00e3o, o bloqueio ou elimina\u00e7\u00e3o de dados<\/option><option value=\"Quero pedir a portabilidade dos meus dados\">Quero pedir a portabilidade dos meus dados<\/option><option value=\"Quero que a empresa elimine meus dados\">Quero que a empresa elimine meus dados<\/option><option value=\"Quero saber com quem meus dados s\u00e3o compartilhados\">Quero saber com quem meus dados s\u00e3o compartilhados<\/option><option value=\"Quero saber o que acontecer\u00e1 se eu revogar o meu o consentimento para tratamento de dados\">Quero saber o que acontecer\u00e1 se eu revogar o meu o consentimento para tratamento de dados<\/option><option value=\"Quero revogar o meu o consentimento para tratamento de dados\">Quero revogar o meu o consentimento para tratamento de dados<\/option><option value=\"Quero revisar decis\u00f5es automatizadas\">Quero revisar decis\u00f5es automatizadas<\/option><\/select><\/div><\/div><\/div><\/div><div class=\"quform-element quform-element-select quform-element-3_15 quform-cf quform-element-required\"><div class=\"quform-spacer\"><div class=\"quform-label quform-label-3_15\"><label class=\"quform-label-text\" for=\"quform_3_15_c01155\">Sou um(a):<span class=\"quform-required\">*<\/span><\/label><\/div><div class=\"quform-inner quform-inner-select quform-inner-3_15\"><div class=\"quform-input quform-input-select quform-input-3_15 quform-cf\"><select id=\"quform_3_15_c01155\" name=\"quform_3_15\" class=\"quform-field quform-field-select quform-field-3_15\"><option value=\"\" selected=\"selected\">Selecione<\/option><option value=\"Colaborador \/ Funcion\u00e1rio\">Colaborador \/ Funcion\u00e1rio<\/option><option value=\"Ex-colaborador \/ Ex-funcion\u00e1rio\">Ex-colaborador \/ Ex-funcion\u00e1rio<\/option><option value=\"Candidato \u00e0 vaga de emprego\">Candidato \u00e0 vaga de emprego<\/option><option value=\"Cliente \/ Consumidor\">Cliente \/ Consumidor<\/option><option value=\"Prestador de servi\u00e7o\">Prestador de servi\u00e7o<\/option><option value=\"Aluno\">Aluno<\/option><option value=\"Ex-aluno\">Ex-aluno<\/option><option value=\"Outro (op\u00e7\u00e3o para descrever)\">Outro (op\u00e7\u00e3o para descrever)<\/option><\/select><\/div><\/div><\/div><\/div><div class=\"quform-element quform-element-text quform-element-3_16 quform-cf quform-labels-inside quform-element-required\"><div class=\"quform-spacer\"><div class=\"quform-label quform-label-3_16\"><label class=\"quform-label-text\" for=\"quform_3_16_c01155\">Descreva a sua rela\u00e7\u00e3o com a empresa:<span class=\"quform-required\">*<\/span><\/label><\/div><div class=\"quform-inner quform-inner-text quform-inner-3_16\"><div class=\"quform-input quform-input-text quform-input-3_16 quform-cf\"><input type=\"text\" id=\"quform_3_16_c01155\" name=\"quform_3_16\" class=\"quform-field quform-field-text quform-field-3_16\" \/><\/div><\/div><\/div><\/div><div class=\"quform-element quform-element-textarea quform-element-3_8 quform-cf quform-labels-inside quform-element-required\"><div class=\"quform-spacer\"><div class=\"quform-label quform-label-3_8\"><label class=\"quform-label-text\" for=\"quform_3_8_c01155\">Mensagem<span class=\"quform-required\">*<\/span><\/label><\/div><div class=\"quform-inner quform-inner-textarea quform-inner-3_8\"><div class=\"quform-input quform-input-textarea quform-input-3_8 quform-cf\"><textarea id=\"quform_3_8_c01155\" name=\"quform_3_8\" class=\"quform-field quform-field-textarea quform-field-3_8\"><\/textarea><\/div><\/div><\/div><\/div><div class=\"quform-element quform-element-recaptcha quform-element-3_11 quform-cf quform-element-required\"><div class=\"quform-spacer\"><div class=\"quform-inner quform-inner-recaptcha quform-inner-3_11\"><div class=\"quform-input quform-input-recaptcha quform-input-3_11 quform-cf\"><div class=\"quform-recaptcha\" data-config=\"{&quot;sitekey&quot;:&quot;6Lcew7oUAAAAAECggGkQIoOFoqOClrP2a6BXyL7x&quot;,&quot;_version&quot;:&quot;v2&quot;,&quot;size&quot;:&quot;normal&quot;,&quot;type&quot;:&quot;image&quot;,&quot;theme&quot;:&quot;light&quot;,&quot;badge&quot;:&quot;bottomright&quot;}\"><\/div><noscript><div><div style=\"width: 302px; height: 422px; position: relative;\"><div style=\"width: 302px; height: 422px; position: absolute;\"><iframe src=\"https:\/\/www.google.com\/recaptcha\/api\/fallback?k=6Lcew7oUAAAAAECggGkQIoOFoqOClrP2a6BXyL7x\" frameborder=\"0\" scrolling=\"no\" style=\"width: 302px; height:422px; border-style: none;\"><\/iframe><\/div><\/div><div style=\"width: 300px; height: 60px; border-style: none; bottom: 12px; left: 25px; margin: 0px; padding: 0px; right: 25px; background: #f9f9f9; border: 1px solid #c1c1c1; border-radius: 3px;\"><textarea name=\"g-recaptcha-response\" class=\"g-recaptcha-response\" style=\"width: 250px; height: 40px; border: 1px solid #c1c1c1; margin: 10px 25px; padding: 0px; resize: none;\" aria-hidden=\"true\"><\/textarea><\/div><\/div><\/noscript><\/div><\/div><\/div><\/div><div class=\"quform-element quform-element-submit quform-element-3_2 quform-cf quform-button-style-theme quform-button-size-medium quform-button-width-medium\"><div class=\"quform-button-submit quform-button-submit-default quform-button-submit-3_2\"><button name=\"quform_submit\" type=\"submit\" class=\"quform-submit\" value=\"submit\"><span class=\"quform-button-text quform-button-submit-text\">Enviar<\/span><\/button><\/div><\/div><div class=\"quform-element-tree\"><label for=\"quform_3_0_c01155\">Este campo deve ser deixado em branco<\/label><input type=\"text\" id=\"quform_3_0_c01155\" name=\"quform_3_0\" class=\"quform-field quform-field-tree quform-field-3_0\" tabindex=\"-1\" autocomplete=\"off\" \/><\/div><\/div><\/div><\/div><div class=\"quform-loading quform-loading-position-over-form quform-loading-type-spinner-6\"><div class=\"quform-loading-inner\"><div class=\"quform-loading-spinner\"><div class=\"quform-loading-spinner-inner\"><\/div><\/div><\/div><\/div><\/div><\/form><\/div><\/div>\n\t\t\t\t<\/div>\n\t\t\t\t<\/div>\n\t\t\t\t\t<\/div>\n\t\t\t\t<\/div>\n\t\t\t\t\t\t\t<\/div>\n\t\t","protected":false},"excerpt":{"rendered":"<p>Requisi\u00e7\u00e3o de Titulares<\/p>\n","protected":false},"author":1,"featured_media":0,"parent":0,"menu_order":0,"comment_status":"closed","ping_status":"closed","template":"","meta":{"inline_featured_image":false,"footnotes":""},"_links":{"self":[{"href":"https:\/\/parceiros.studiom3.com.br\/dauriti\/wp-json\/wp\/v2\/pages\/4577"}],"collection":[{"href":"https:\/\/parceiros.studiom3.com.br\/dauriti\/wp-json\/wp\/v2\/pages"}],"about":[{"href":"https:\/\/parceiros.studiom3.com.br\/dauriti\/wp-json\/wp\/v2\/types\/page"}],"author":[{"embeddable":true,"href":"https:\/\/parceiros.studiom3.com.br\/dauriti\/wp-json\/wp\/v2\/users\/1"}],"replies":[{"embeddable":true,"href":"https:\/\/parceiros.studiom3.com.br\/dauriti\/wp-json\/wp\/v2\/comments?post=4577"}],"version-history":[{"count":10,"href":"https:\/\/parceiros.studiom3.com.br\/dauriti\/wp-json\/wp\/v2\/pages\/4577\/revisions"}],"predecessor-version":[{"id":4588,"href":"https:\/\/parceiros.studiom3.com.br\/dauriti\/wp-json\/wp\/v2\/pages\/4577\/revisions\/4588"}],"wp:attachment":[{"href":"https:\/\/parceiros.studiom3.com.br\/dauriti\/wp-json\/wp\/v2\/media?parent=4577"}],"curies":[{"name":"wp","href":"https:\/\/api.w.org\/{rel}","templated":true}]}}